t are the prime factors of 740286034?
2, 4657, 79481
What are the prime factors of 325760437?
325760437
What are the prime factors of 144251407?
41, 3518327
List the prime factors of 692159326.
2, 59, 5865757
List the prime factors of 813737297.
813737297
List the prime factors of 6470329.
1483, 4363
What are the prime factors of 461932369?
461932369
List the prime factors of 389124950.
2, 5, 7782499
What are the prime factors of 183171485?
5, 7, 991, 5281
What are the prime factors of 721758642?
2, 3, 11, 10935737
What are the prime factors of 183567771?
3, 31, 73, 9013
List the prime factors of 4290360656.
2, 139, 1929119
What are the prime factors of 86963299?
23, 331, 11423
What are the prime factors of 92709803?
23, 47, 139, 617
List the prime factors of 142272162.
2, 3, 7904009
What are the prime factors of 46792623?
3, 15597541
List the prime factors of 1037301485.
5, 11, 19, 992633
List the prime factors of 27506830.
2, 5, 13, 457, 463
List the prime factors of 12796919.
97, 131927
What are the prime factors of 254386892?
2, 4339, 14657
What are the prime factors of 2685254832?
2, 3, 13, 1434431
What are the prime factors of 3826598756?
2, 37, 25855397
List the prime factors of 284550411.
3, 23, 157, 26267
List the prime factors of 1557558.
2, 3, 86531
What are the prime factors of 950772915?
3, 5, 103, 205129
What are the prime factors of 130212531?
3, 191, 211, 359
What are the prime factors of 106756977?
3, 35585659
What are the prime factors of 29078167?
233, 124799
List the prime factors of 15156557.
13, 1165889
List the prime factors of 21019821.
3, 7006607
List the prime factors of 468427498.
2, 7, 11, 79, 139, 277
List the prime factors of 28097347.
28097347
List the prime factors of 5440531239.
3, 11, 13, 277, 5087
What are the prime factors of 657218231?
12641, 51991
List the prime factors of 40989893.
7, 5855699
List the prime factors of 409023064.
2, 3061, 16703
List the prime factors of 44103854.
2, 61, 361507
What are the prime factors of 1079084753?
103, 2657, 3943
List the prime factors of 3240436.
2, 810109
What are the prime factors of 735575259?
3, 23, 10660511
List the prime factors of 5238502855.
5, 11093, 94447
What are the prime factors of 140846720?
2, 5, 7, 149, 211
What are the prime factors of 5022232504?
2, 627779063
List the prime factors of 108367847.
7, 31, 499391
List the prime factors of 32053463.
13, 2465651
What are the prime factors of 15946558?
2, 73, 239, 457
What are the prime factors of 6546739939?
6546739939
List the prime factors of 1443420082.
2, 13, 19, 2921903
List the prime factors of 703685455.
5, 11, 12794281
List the prime factors of 1278572303.
59, 21670717
What are the prime factors of 62987563?
61, 1032583
What are the prime factors of 33116640?
2, 3, 5, 68993
List the prime factors of 5346045696.
2, 3, 59, 127, 929
What are the prime factors of 111574432?
2, 983, 3547
What are the prime factors of 5927120260?
2, 5, 241, 541, 2273
What are the prime factors of 2959452936?
2, 3, 11, 415187
List the prime factors of 574312.
2, 71789
What are the prime factors of 112159286?
2, 56079643
What are the prime factors of 269214255?
3, 5, 547, 10937
What are the prime factors of 15680128?
2, 122501
What are the prime factors of 4298660507?
43, 373, 268013
List the prime factors of 537872896.
2, 11, 43, 2221
What are the prime factors of 1625398057?
97, 16756681
List the prime factors of 459991638.
2, 3, 25555091
What are the prime factors of 180256499?
180256499
List the prime factors of 1271506187.
7, 1327, 136883
List the prime factors of 40488228.
2, 3, 11, 173, 197
What are the prime factors of 49771877?
4111, 12107
List the prime factors of 20517922.
2, 10258961
List the prime factors of 48383270.
2, 5, 13, 372179
What are the prime factors of 3394260851?
17, 8093, 24671
What are the prime factors of 3661508791?
19, 389, 495401
What are the prime factors of 3347765680?
2, 5, 7, 5978153
What are the prime factors of 527089845?
3, 5, 17, 2067019
What are the prime factors of 390339716?
2, 13, 23, 389, 839
List the prime factors of 996249860.
2, 5, 101, 493193
List the prime factors of 438714076.
2, 109678519
What are the prime factors of 24921248?
2, 11, 83, 853
What are the prime factors of 51874121?
13, 53, 75289
What are the prime factors of 42740987?
1499, 28513
What are the prime factors of 66037116?
2, 3, 5503093
List the prime factors of 5906157.
3, 17, 115807
What are the prime factors of 288345713?
288345713
List the prime factors of 5803003973.
13, 53, 8422357
List the prime factors of 42807343.
17, 2518079
List the prime factors of 888176587.
499, 1779913
List the prime factors of 341319482.
2, 7, 24379963
What are the prime factors of 72903981?
3, 797, 30491
List the prime factors of 42194230.
2, 5, 13, 24967
List the prime factors of 54002993.
11, 1637, 2999
What are the prime factors of 121938926?
2, 17, 210967
What are the prime factors of 77982008?
2, 13, 57679
List the prime factors of 49316866.
2, 24658433
What are the prime factors of 391129399?
227, 1723037
List the prime factors of 659952100.
2, 5, 71, 92951
List the prime factors of 1038318183.
3, 7, 131, 1997
List the prime factors of 36025303.
36025303
What are the prime factors of 6672948?
2, 3, 107, 5197
List the prime factors of 2474738967.
3, 41, 43, 467903
List the prime factors of 31275496.
2, 7, 558491
What are the prime factors of 297626647?
23, 12940289
What are the prime factors of 202824353?
202824353
What are the prime factors of 1626107188?
2, 17, 23913341
List the prime factors of 2165515397.
97, 22324901
What are the prime factors of 2727784432?
2, 103, 1655209
What are the prime factors of 31490865?
3, 5, 7, 99971
List the prime factors of 110814204.
2, 3, 9234517
What are the prime factors of 41189429?
41189429
List the prime factors of 831362257.
11, 157, 641, 751
List the prime factors of 39148542.
2, 3, 223, 3251
What are the prime factors of 770220468?
2, 3, 2141, 3331
List the prime factors of 65096470.
2, 5, 19, 59, 5807
What are the prime factors of 1486818226?
2, 29, 139, 311, 593
List the prime factors of 6042408.
2, 3, 223, 1129
List the prime factors of 1456699866.
2, 3, 19, 12778069
List the prime factors of 275925375.
3, 5, 11, 2027
List the prime factors of 216438909.
3, 43, 53, 31657
What are the prime factors of 208938006?
2, 3, 859, 13513
List the prime factors of 432033739.
432033739
List the prime factors of 94579890.
2, 3, 5, 61, 51683
List the prime factors of 294495500.
2, 5, 13, 45307
What are the prime factors of 1498454395?
5, 299690879
List the prime factors of 805775236.
2, 7, 131, 219677
List the prime factors of 139286445.
3, 5, 9285763
What are the prime factors of 1027803814?
2, 271, 1896317
What are the prime factors of 3238082466?
2, 3, 539680411
List the prime factors of 42067344.
2, 3, 11, 7243
List the prime factors of 4412281374.
2, 3, 245126743
What are the prime factors of 745234822?
2, 23, 16200757
What are the prime factors of 343237310?
2, 5, 13, 17, 919
What are the prime factors of 1403564888?
2, 11, 89, 179209
What are the prime factors of 1476058989?
3, 79, 337, 18481
List the prime factors of 5729042.
2, 11, 260411
What are the prime factors of 109491156?
2, 3, 41, 79, 313
What are the prime factors of 66086257?
66086257
List the prime factors of 44112908.
2, 7, 19, 283, 293
List the prime factors of 663362042.
2, 7, 41, 47, 67, 367
List the prime factors of 115015378.
2, 61, 942749
List the prime factors of 657323155.
5, 43, 3057317
What are the prime factors of 6463528?
2, 807941
What are the prime factors of 485404420?
2, 5, 23, 347, 3041
What are the prime factors of 107790224?
2, 31, 217319
What are the prime factors of 2742718918?
2, 383, 1523, 2351
What are the prime factors of 668120887?
7, 95445841
List the prime factors of 2169289100.
2, 5, 11, 643, 3067
What are the prime factors of 216238093?
216238093
List the prime factors of 108801645.
3, 5, 37, 196039
What are the prime factors of 4886564578?
2, 7, 18457, 18911
What are the prime factors of 24539636?
2, 11, 17, 53, 619
List the prime factors of 1884114558.
2, 3, 104673031
What are the prime factors of 121761977?
23, 5293999
What are the prime factors of 449908056?
2, 3, 13, 229, 2099
